 What is the units digit of l?
3
Let l be -2 + 0 + 2 + -1. Let b(d) = 17*d - 5. Let m(w) = -9*w + 3. Let p(z) = -4*b(z) - 7*m(z). What is the units digit of p(l)?
4
What is the units digit of -4 - (-51 + (-8)/(-2))?
3
Let d = 32 + 5. Suppose 5*j - d = -2. What is the units digit of j?
7
Suppose -o - o - 2*a + 4 = 0, -4*a = o - 2. Let y = 0 + o. What is the units digit of y?
2
Let r be (4 - (-36)/(-8))*-50. Let v = r + 5. What is the units digit of v?
0
What is the tens digit of 2/(-5) - (-122)/5?
2
Let j(v) = v**3 + 6*v**2 + 2*v - 1. Let g be j(-4). Let q = g + -16. What is the units digit of q?
7
Let u = -33 - -237. What is the units digit of u?
4
Let v(m) = m**3 + 24*m**2 - 7*m + 38. What is the hundreds digit of v(-24)?
2
Let v(u) be the first derivative of -1 - 2/3*u**3 + u**2 + 1/4*u**4 - 2*u. What is the units digit of v(2)?
2
Let g = 21 + -18. What is the tens digit of 763/49 - g/(-7)?
1
Let w = -50 + 74. What is the tens digit of w?
2
Let y(p) = 2*p**2 + 0*p**2 - 2*p + 2 + p**2. What is the units digit of y(2)?
0
Let u = 1 + 3. Suppose 8 = -3*d + u*d. What is the units digit of d?
8
Suppose 2*h = -h + 9. Suppose h*u = 5*u - 8. Suppose 0 = -4*l + 2*k + 12, -3*k = u*l - 8*k - 12. What is the units digit of l?
3
Suppose -400 = -6*s + 32. Let i = -4 + 9. Suppose u = i*u - s. What is the units digit of u?
8
Let a(u) = u - 2. Let p be a(8). Let d be 9/p - 1/2. Suppose d = -r + 2*r. What is the units digit of r?
1
Suppose -2*c - 2 = -0. Let o be (c/3)/((-3)/153). Suppose 5*p - 13 = o. What is the units digit of p?
6
Let x(o) = -16*o + 9. Let y(u) = -11*u + 6. Let f(m) = 5*x(m) - 7*y(m). What is the tens digit of f(-5)?
1
Let g = 26 + -19. What is the units digit of g?
7
Suppose 0 = -2*k - 2*y + 313 + 99, -5*y = -15. What is the units digit of k?
3
Let a(s) = s**3 - 7*s**2 + 7*s - 2. Suppose -9*f = -5*f - 24. What is the units digit of a(f)?
4
Let u(t) = 11*t**2 - t + 1. What is the tens digit of u(-3)?
0
Suppose -4*t + 10 = -2. Let n(v) = 5*v**3 - v**2 + 3*v - 3. Let u be n(2). Suppose u = t*i + 3. What is the tens digit of i?
1
Suppose 8*b - 4*b = 8. What is the units digit of b?
2
Let c be 3/2*32/6. Let y = 3 - 3. Suppose y*w + c = 2*w. What is the units digit of w?
4
Suppose 5*o + t = 390, -2*o + 62 + 112 = 4*t. What is the tens digit of o?
7
What is the units digit of 4/(-10) + 662/5?
2
Let f be -46 + (-3 - (3 + -5)). What is the units digit of (f - -1)*(-5)/10?
3
Suppose 21 = 4*n - 79. Suppose 20 = -4*r, 0 = -0*y + 2*y - 3*r - n. What is the units digit of y?
5
Suppose j + 5*x - 119 = 0, -2*x = 4*j - 4*x - 586. Suppose 0 = -7*c + 11*c - j. What is the units digit of c?
6
Let k be (-1)/((-3)/(-12)) + 3. Let b = k - -3. What is the units digit of b?
2
Let h = -43 - -74. What is the units digit of h?
1
What is the hundreds digit of 5/(-1) - 11760/(-42)?
2
Suppose -5*z = g - 14, 2*g - 17 = 2*z - z. What is the units digit of g?
9
Let v be (2 + 0)*(-1)/(-2). Let b = v - -3. What is the units digit of b?
4
Let t(j) = -j**2 - 7*j - 6. Suppose k + b = -0*k - 1, 4*k - 5*b + 40 = 0. What is the units digit of t(k)?
4
What is the units digit of 219/5 - 0 - 1/(-5)?
4
Let t(p) = p**3 - 10*p**2 + 2*p + 14. What is the tens digit of t(10)?
3
Let j = 3 - 0. Let a = 16 - j. Suppose f - 7 = -2*h, -f - a + 2 = -h. What is the units digit of h?
6
What is the tens digit of (28/70)/(1/85)?
3
Let s(t) = -t**3 - 7*t**2 - 7*t - 5. Suppose 6*d = d + 75. Let g be ((-18)/d)/((-1)/(-5)). What is the units digit of s(g)?
1
Suppose 0*r + 4*r = 96. What is the tens digit of r?
2
Suppose 3*j = -5*i + 351, -2*j + 333 = j - i. Suppose -14 = -2*s + j. Suppose 25 = -2*c + s. What is the units digit of c?
9
Let b be 1*(2 - (-11)/(-1)). Let x be 58/(-6) - b/(-27). Let v = 23 + x. What is the units digit of v?
3
Suppose -k = -0*k - 5. Let m(t) = -4*t + t**3 - 5*t**2 + 4*t + t. What is the units digit of m(k)?
5
Let t(l) = l**2 - 4*l + 5. Let c be t(6). What is the units digit of c - (12/(-4))/(-3)?
6
Let a = 364 + -210. What is the tens digit of a?
5
Let q be (-11 + 2)*(-4)/6. Suppose -u - 4*k = q, 0 = -5*u + u + k + 10. Suppose -8 = u*d - 3*d. What is the units digit of d?
8
Let j be 1 + (1 - 1 - -17). Let d = 32 - j. What is the units digit of d?
4
Let p be 0/(1 + -1*3). Let l = 5 - p. Suppose 4*r - 34 = 3*c, 0 = -2*r - c + 17 + l. What is the units digit of r?
0
Let f = 112 + -79. What is the tens digit of f?
3
Let m = -4 + 6. Suppose -v + 8 = o, -v + 30 = m*v + o. What is the tens digit of v?
1
Let q(h) = h**2 + 3*h + 4. Let z be q(-3). Suppose v = 5*v - z. Suppose -7*l + o = -3*l - v, -l = 4*o - 13. What is the units digit of l?
1
What is the tens digit of 4 + -1 + (-4 - -32)?
3
Let h(a) = -a**3 - 17*a**2 + 19*a + 44. What is the units digit of h(-18)?
6
Let g be 17/(-51) - (-16)/3. Suppose g*z + y = 189, y + 77 = 2*z - 0*z. What is the tens digit of z?
3
Let g be 3/2 + 5/10. Suppose 0 = -g*j + h + 5, -2*j - 5*h = j - 14. Suppose -3*n - v + 13 = 0, 0 = 4*n - 7*n - j*v + 21. What is the units digit of n?
3
Let c = 32 + -30. Let s = 17 + -10. Suppose c*a - 3*a + s = 0. What is the units digit of a?
7
Let t(b) = -2*b**3 + b**2 + 2*b + 1. Let w be t(-1). Let c = 5 - w. Let h = c - 2. What is the units digit of h?
1
Suppose 0 = 19*b - 15*b + 12. Let v = 5 + b. What is the units digit of v?
2
Suppose 45 = -f + 4*f. Suppose 0*x = -3*x + f. What is the units digit of x?
5
Suppose -56 - 77 = -4*k - 5*b, 4*b = -k + 47. What is the units digit of k?
7
Suppose -r - 1 + 41 = 0. What is the tens digit of r?
4
Let z(l) = 10 - 8*l + 7*l**2 - 4*l**2 - l**2 - l**2. Let d be z(7). Let a = 9 - d. What is the units digit of a?
6
Suppose -3*d = 5*i - 82, -2*d + 64 = 5*i + 6. Suppose -4*o = -12 - d. What is the units digit of o?
9
Let b = -40 - -245. What is the tens digit of b?
0
Let t(r) = 3 - 6*r - 4 + 2*r**2 + 4*r. What is the tens digit of t(3)?
1
Let z = -141 + 263. What is the tens digit of z?
2
Let x = -4 - 2. Let j = x + 13. What is the units digit of j?
7
Suppose -145 = -o + w, -3*o = -5*w + 36 - 469. What is the hundreds digit of o?
1
Let u = -95 + 140. Let n = u + -19. What is the units digit of n?
6
Let j(y) = 4*y + 0 - y - 3 - 4*y. What is the units digit of j(-6)?
3
Suppose 4*c + 5*h = 69, -5*c + h + 2*h + 40 = 0. What is the units digit of c?
1
Let t = -10 - -14. Suppose t*u = -10 + 50. Suppose 5*n = 4*n + u. What is the tens digit of n?
1
Let z(p) = -3*p - 2. Let l be z(-2). Suppose 16 = 3*b + l. Suppose 18 = -n + b*n. What is the units digit of n?
6
Let n = -4 + -2. Let z be ((-34)/n)/(2/(-6)). Let a = -10 - z. What is the units digit of a?
7
Let i = 3 + -10. Let k(c) = c**3 + 8*c**2 + 7*c + 10. What is the units digit of k(i)?
0
Let j(n) = -n**2 - 16*n + 8. Let h be j(-16). Let w = 10 - h. What is the units digit of w?
2
Let b = -10 + 2. What is the units digit of 1/2*b/(-2)?
2
Suppose -4*r + 13 = 3*o, -5*o = -4*o + 5*r - 8. Let b(k) = 1 + 7 - o - 2*k - 3. What is the units digit of b(-2)?
6
Suppose 0 = -5*g + g + 36. Suppose -4*q = 2*n, -3*n - g = -3*q - 0. What is the units digit of q?
1
Suppose -v = -3*f + 2 + 6, 4*f - 3*v = 4. Suppose f*s - 90 = -s. What is the units digit of s?
8
Suppose 5*k + 47 = -88. Let s = k + 39. What is the units digit of s?
2
Suppose -2*f + 24 = -k, -f = -5*k - 0*f - 120. What is the units digit of (51/4)/(k/(-64))?
4
Let b = -14 - 12. What is the units digit of 12/18 - b/6?
5
Suppose 40 = -2*b + 3*y + 18, -5*b + y - 29 = 0. Let v = b + 14. What is the units digit of v?
9
Let k(l) be the second derivative of l**5/20 + l**4/4 + l**3/6 + 3*l. What is the units digit of k(-1)?
1
Let v = 10 + -6. Suppose -v + 14 = 2*k. Suppose k*b = 2 + 38. What is the units digit of b?
8
Let w be (17 - 2)*1/(-3). Let a = w - -23. What is the tens digit of a?
1
Let q = 34 - 60. Let k = q + 38. What is the tens digit of k?
1
What is the tens digit of (-74)/(-6) + 10/15?
1
Let u be (9/(-6))/(9/372). Let r = u + 23. Let v = -21 - r. What is the units digit of v?
8
Let g be 58/6*(3 + 0). Suppose 3*p + 18 + g = 2*o, 4*o - 89 = 5*p. What is the tens digit of o?
1
Suppose -3*v - g + 250 = 0, 0 = 5*v + 4*g - 248 - 171. Suppose 208 - v = 5*a. What is the tens digit of a?
2
Suppose 3*g = -3 + 18. Let t(i) = -i**3 - 7*i**2 + g + 1 + 4 - 3. What is the units digit of t(-7)?